(-3) - 1)*-3. What is the units digit of (u + -3)*2/(-4)?
2
Let b(g) = -g**3 + 5*g**2 + 9*g - 9. What is the units digit of b(6)?
9
Let t be 52/5 - 6/15. Suppose 3*u = -0*u + 3*q - 6, 5*u + 5*q + t = 0. Let m = u - -6. What is the units digit of m?
4
Suppose 3*y - 4*y = 1. What is the units digit of y + 18 + (-8)/4?
5
What is the tens digit of 3/12*1 - 7497/(-28)?
6
What is the units digit of 3/(-3) - 18/(-2)?
8
What is the units digit of (5*18/(-75))/(4/(-30))?
9
Let z be 72/(-2) + 3 - 3. Let s = z + 54. What is the tens digit of s?
1
Suppose 0 = s + 4*s + 20. Let r(q) = q**3 + 5*q**2 + 3*q - 2. Let p be r(s). Let t(n) = n**3 - n**2 + 3*n - 3. What is the units digit of t(p)?
7
Let r(t) = -t**3 + 6*t**2 - 4*t - 5. Let w be r(5). Suppose w = -3*a + 53 - 2. What is the tens digit of a?
1
Let x(q) be the third derivative of -q**4/24 + 7*q**3/6 - 3*q**2. What is the units digit of x(-4)?
1
Let a(p) = -p**3 - 3*p**2 - p - 2. Let u be a(-2). Let v = u + 10. Suppose 3*i + 4 = -s + v, -i + 10 = -2*s. What is the units digit of i?
2
What is the units digit of (-2 + 0)*12/(-6)?
4
Let d(r) = r + 0*r - 1 - 4*r + r. What is the tens digit of d(-18)?
3
Suppose -4*u + 50 = -22. Suppose -u = -0*k - k. Suppose k = 2*s + s. What is the units digit of s?
6
Let s be 3*1 - (1 + -3). Suppose 13 = c + 3*o, -c + 48 = c - s*o. What is the tens digit of c?
1
Let w = 11 + -8. Suppose -2*r - w*k + 18 = -k, -3*r + 39 = -3*k. What is the units digit of r?
1
Suppose -616 + 165 = -11*y. What is the units digit of y?
1
Let g(l) = -l**2 + 9*l - 7. Let m = -14 - -21. What is the units digit of g(m)?
7
Let d(j) = -j - 7. Let l be d(-7). Suppose 0 = -z - m + 13, -3*z + m = -l*m - 19. Suppose p - z = -2. What is the units digit of p?
6
Suppose 3*m = 145 - 19. What is the tens digit of m?
4
Let a(x) = x**3 - 5*x**2 - 7*x + 8. Let h be a(6). Let z(l) = -3 + 0 + h*l - 2*l - 3*l. What is the units digit of z(-2)?
3
Let j(i) = i**2 + 9*i + 8. Let u be j(-6). Let c = u - -7. Let q(s) = -s**2 - 5*s - 2. What is the units digit of q(c)?
4
Suppose -3*t + 8 = p, 5 - 3 = -2*p + 3*t. Suppose 0 = -3*o - p*o. Suppose o = 2*u - g - 20, -4*u + 3*g + 18 = -26. What is the units digit of u?
8
Let t be ((-20)/(-6))/((-6)/(-9)). Suppose -10 = -f - o + 12, -4*f - t*o = -87. What is the units digit of f?
3
Suppose 0 = -2*k + b + b + 10, 3*b + 9 = k. Let v = k + 7. What is the units digit of v?
0
Let a(x) = 2*x**2 - 2*x + 15. What is the tens digit of a(6)?
7
Suppose 2*c - 728 = -5*c. What is the tens digit of c?
0
Suppose 0 = -3*d - 3*f, f + 0*f + 4 = -3*d. Let x be 16 - (d - -3 - 2). Let w = x + -9. What is the units digit of w?
8
Let c(h) = -h**2 - 4*h - 3. Let f be c(-5). Let b = f - -5. Let o = 0 - b. What is the units digit of o?
3
Let i(h) = h**3 + 3*h**2. Let k be i(-3). Suppose 3*x - 72 = -k*x. What is the tens digit of x?
2
Suppose -105 = -3*q - s, 2*s = -5*q + 2 + 172. What is the units digit of q?
6
What is the units digit of 90 - (40/5)/(-4)?
2
Let k = -3 - -2. Let m(y) = y**2 - y - 1. Let g(v) = -v**2 - 7*v - 6. Let r(w) = -g(w) + 5*m(w). What is the units digit of r(k)?
5
Suppose 0 = -9*q + 7*q + 96. What is the units digit of q?
8
Let s(c) be the first derivative of c**4/4 + 7*c**3/3 + c**2/2 - 5*c - 5. What is the tens digit of s(-5)?
4
Suppose 4*g = 6*g - 3*l - 15, -g - 2*l + 18 = 0. Suppose 0 = p + 3*p + g. Let c = p + 8. What is the units digit of c?
5
Suppose 123 + 165 = 4*h + 4*g, -2*g - 258 = -4*h. What is the units digit of h?
7
Suppose 0 = -3*b - 12 - 0. Let x = b + 2. What is the units digit of 6 + x + (-2)/(-2)?
5
Suppose 12 = 4*r - 5*p, p - 22 + 7 = -5*r. Let c(g) = 5*g**2 - g - 1. Let d be c(-1). Suppose -q + r = -d. What is the units digit of q?
8
Let w = -8 - -17. Suppose -1 = -2*z + w. What is the units digit of z?
5
Suppose 3*v + 5*h - 331 = 0, -h - 640 = -5*v - 107. What is the tens digit of v?
0
Suppose 0*w = -2*w + 22. Suppose g = -0*g + w. What is the units digit of g?
1
Suppose 0 = -4*f + f. Suppose f = -4*c - c + 5. Suppose -6 + c = -x. What is the units digit of x?
5
Suppose -8*p + 3*p = 0. Suppose 7 + 26 = 3*f + 5*o, p = f + 5*o - 11. What is the units digit of f?
1
Suppose 85 = 5*s - 0*s. Let g = -43 - -77. Let a = g - s. What is the tens digit of a?
1
Let m(l) = l**3 - 6*l**2 + 4*l - 2. Let t be m(6). Let u(v) = 2*v. Let r be u(1). Suppose -2*k + 0*f + t = -f, r*f + 54 = 5*k. What is the units digit of k?
0
Suppose -x - 9 = 14. Let a = x + 32. What is the units digit of a?
9
Let m be (-162)/(-10) + 2/(-10). Let c = 29 - m. What is the tens digit of c?
1
Suppose h + 18 = 5*g, h + 12 = -h + 4*g. Suppose 2*z - 4 = -h. What is the units digit of z?
1
Suppose 544 = 4*m + 2*d, -5*d = -5*m - 6*d + 677. What is the hundreds digit of m?
1
Let t be (-66)/(-30) - (-2)/(-10). Suppose 3*q - 125 = -2*q - 5*h, t*q - 4*h = 20. What is the tens digit of q?
2
Suppose -2*x + 116 = 2*h, 103 = 3*x + h - 61. What is the tens digit of x?
5
Suppose -34 = 5*i + 4*y - 242, 5*i - 4*y = 192. What is the units digit of i?
0
What is the tens digit of (12/8)/((-2)/(-1 - 355))?
6
Suppose 4 = d, -5*p + 2*d + 8 = 1. Suppose g + 3*o = 16, -4*g + o + p*o = -112. Suppose 2*s - 29 = 3*t, -2 = -3*s - t + g. What is the tens digit of s?
1
Suppose -127 = -3*t + 56. What is the tens digit of t?
6
What is the tens digit of (-1056)/(-99) - -2*(-2)/6?
1
Let x(i) = i**3 - 5*i**2 + 2*i - 1. Let d be x(4). What is the units digit of ((-6)/d)/((-2)/(-27))?
9
Suppose -5*l + 108 = -l. Suppose 2*a = -4*w + a + 51, 3*w + 3*a = l. What is the units digit of w?
4
Let a be 2/(-5) - 17/(-5). Suppose 2*v - a*n - n - 34 = 0, -2*v - 2*n = -4. Suppose -v = -2*j - 5*d, 0 = -3*j - d + 1 + 16. What is the units digit of j?
6
Let b be (-12)/42 + (-80)/14. What is the units digit of (-4)/6 + (-220)/b?
6
Let m = 198 - 96. Let o = m + -44. What is the tens digit of o?
5
What is the hundreds digit of (-2466)/(-10) - (7 + 128/(-20))?
2
Suppose 0*v - v = -2. Let z(y) be the third derivative of y**5/60 - y**4/12 + y**3/2 + y**2. What is the units digit of z(v)?
3
Let f(j) = -2*j - 2. Let y be f(3). Let c be (74/y)/(2/(-8)). Suppose 5 = -4*u + c. What is the units digit of u?
8
Let q = -3 + 7. Suppose -i - 27 = -q*i. What is the units digit of i?
9
Suppose -4*d + 5*v = -39, -d + 3*d + 4*v = 0. What is the units digit of (1/(-2))/((-1)/d)?
3
What is the tens digit of (34 - -3) + 7/(7/4)?
4
Suppose 2*q + s - 2*s + 11 = 0, -2*q = -5*s + 23. What is the units digit of 210/24 - 1/q?
9
Let b(p) be the first derivative of p**5/60 - p**4/8 + p**3/3 - p**2/2 - 2. Let r(m) be the second derivative of b(m). What is the units digit of r(4)?
6
What is the tens digit of (362/6)/((-1)/(-3)) + 1?
8
Suppose 13 = 2*a - 13. Suppose 5*j - a = 2. What is the units digit of j?
3
Let p = 33 + -23. What is the tens digit of p?
1
What is the units digit of 6 + (0 + -1)*3?
3
Suppose 2*d + 4 = 6*d. Let y = d - -3. Suppose -5*h - 24 = u, y*u + 0 = -2*h - 6. What is the units digit of u?
1
Let h(u) = 8*u**2 + 2*u. Let s be h(-2). What is the units digit of (-51)/(-7) + (-8)/s?
7
Let i = 127 + -43. What is the units digit of i?
4
Let s(b) = b**2 + 5*b + 4. Let j be s(-4). Suppose -3 = -j*p - 3*p. What is the units digit of p?
1
What is the units digit of 4494/70 - (-1)/(-5)?
4
Let u(a) = -13*a**3 + 2*a + 1. What is the units digit of u(-1)?
2
What is the tens digit of (-15)/5 + (3 - 6) + 198?
9
What is the tens digit of ((-12)/7)/((-1)/7)?
1
Let p(w) = -48*w + 3*w**3 + 52*w - 4*w**2 - 2 - 2*w**3. What is the units digit of p(3)?
1
Let t(d) = -4*d**2 + d. Let q(s) = 3*s**2 - s. Let x(b) = 3*q(b) + 2*t(b). Let k be x(0). What is the units digit of 1 + k/(-2) + 10?
1
Suppose -4*n - 1770 = -5*w, 3*w + 4*n = -n + 1099. What is the units digit of w?
8
Let u(b) = -8*b - 5. Let m be u(-1). Let w = 50 + -22. Suppose -r + w = m*r. What is the units digit of r?
7
What is the units digit of 258/18 + 2/(-6)?
4
Let m = 5 + 0. Let t(d) = d**2 - 5*d + 6. What is the units digit of t(m)?
6
Suppose 3*f = -2*f + 15. Let g = 6 - f. Suppose g*z - 2*z = 4. What is the units digit of z?
4
Let x be 0 - (-6)/9*3. Suppose -2*f + 2*n + 2 = x*f, -3*n = 5*f + 3. Suppose -2*m + 1 = -5*c, 3*c - 33 = -f*m - 3*m. What is the units digit of m?
8
Suppose 2*c + v = -2*c + 164, -3*c = 3*v - 1